ided by 15.
14
Suppose 5*f - 30 = -s - 0*f, -2*s + 40 = 5*f. Calculate the remainder when (0 + -14)/((-2)/4) is divided by s.
8
Let l(g) = -13*g**3 + 2*g + 1. What is the remainder when 33 is divided by l(-1)?
9
Let y = 1 + 5. Let h = y + -2. Calculate the remainder when h is divided by 3.
1
Suppose 4*i + 4 = 3*n - 14, -16 = -5*n + 2*i. Let v = 5 - n. Calculate the remainder when 8 is divided by v.
2
Suppose -2*z = -4, 4*h = -2*z + 7*z + 262. Calculate the remainder when h is divided by 18.
14
Let y(v) be the second derivative of v**5/20 - v**4/2 + 4*v**3/3 - 5*v**2/2 + v. Calculate the remainder when y(6) is divided by 15.
13
Let g = 18 - 18. Suppose g = -5*p + 50 + 50. Calculate the remainder when p is divided by 12.
8
Let g be 7/(((-12)/(-33))/(-4)). Let o = g + 118. What is the remainder when o is divided by 11?
8
Let c(j) = -3*j - 22. What is the remainder when c(-12) is divided by 5?
4
Suppose g + 145 = 6*g. What is the remainder when 84 is divided by g?
26
Let d(m) = 4*m. Let c be d(-1). What is the remainder when 3 is divided by -2*(-1)/c*-2?
0
Suppose p = 16 + 8. Calculate the remainder when 68 is divided by p.
20
Suppose h - c + 7 - 42 = 0, -3*c = -2*h + 72. Suppose 11 - 30 = -3*l - 2*s, -5*l + 4*s = -61. Calculate the remainder when h is divided by l.
6
Let s = 12 + 2. Let o = s - 3. Let p(t) = t + 3. Calculate the remainder when o is divided by p(3).
5
Let o = 7 - 4. Suppose u - 25 = 2*w, -o*u + 2*u - w = -37. What is the remainder when u is divided by 12?
9
Let z = 26 + -17. Calculate the remainder when ((1 - 69)*1)/(-2) is divided by z.
7
Suppose -3*l + 47 = -1. What is the remainder when 62 is divided by l?
14
Let w be -1 + (-24*2)/(-3). Let h = w - 22. Let l = 11 + h. Calculate the remainder when l is divided by 3.
1
What is the remainder when ((-37)/4)/((-5)/20) is divided by 13?
11
Let y = -1 + 1. Suppose -4*v + 3*l + 19 = 0, 2*v - 3*l + y = 11. Suppose j - 1 = 0, -2*n - 34 = -7*n + j. What is the remainder when n is divided by v?
3
Let p = 42 - 24. Calculate the remainder when 53 is divided by p.
17
Let x be 4/6 + 1320/18. Suppose -4*o = -x - 2. Calculate the remainder when o is divided by 7.
5
Let c(w) = -w + 6. Let v be c(-8). Let k = v + 0. Calculate the remainder when 25 is divided by k.
11
Suppose -55 = -s - 4*s. Calculate the remainder when 20 is divided by s.
9
Suppose -5*v = 4 - 14. Suppose v*o = -o + 60. Calculate the remainder when 59 is divided by o.
19
Suppose 0*a = 2*a + 6, -173 = -4*c + 3*a. Let g = 4 - -7. Calculate the remainder when c is divided by g.
8
Let t = 16 + -11. Suppose t*o - 12 - 13 = 0. Calculate the remainder when 9 is divided by o.
4
Suppose -3*i = i + 16, 3*i = -4*b + 40. Suppose 0 = -p + 25 + b. What is the remainder when p is divided by 13?
12
Let u(p) = 9*p + 1. Let t be u(1). Let d = t - -23. Calculate the remainder when d is divided by 9.
6
Suppose 3 + 67 = -5*d. Let l be (-3)/((-18)/d)*6. Calculate the remainder when (-4)/l - (-204)/21 is divided by 6.
4
Let b be -4*(-3)/(3/1). Suppose 2*n + 20 = b*n. Suppose 3*i - 5*j = 17, -2*i = -i + 3*j - 1. What is the remainder when n is divided by i?
2
Suppose 36 = 3*l + 9. What is the remainder when l is divided by -2*1 - (0 - 7)?
4
Let v(l) = l - 10. Let b be v(14). Suppose 4*h - 2 - 122 = -b*s, -4*h = 3*s - 125. What is the remainder when h is divided by (-11)/((-1)/1 - 0)?
10
Let d = 0 - -10. Suppose -3*h + 6 = 3*m, 2*m + 4*h = h + 1. Suppose 3*f = 6*f - a - 49, m*a = -3*f + 61. What is the remainder when f is divided by d?
7
Suppose 4*f - 2*f - 14 = 0. Calculate the remainder when 22 is divided by f.
1
Let x(r) = r**2 - 3*r + 2. Let y be x(3). Suppose 3*k - 6*k + 5*z = -16, -y*k + 12 = -4*z. Calculate the remainder when k is divided by 1.
0
Suppose 6 = -2*x + 4*a, -2*x + a + 21 = 3*x. Suppose 0*b + 85 = x*b. Calculate the remainder when b is divided by 9.
8
Let o(c) = -21*c**3 - 1. Suppose 9 = -5*r + 4. What is the remainder when 77 is divided by o(r)?
17
Let t be -4 + 2/(-3)*-27. Let b = 34 - t. Calculate the remainder when 99 is divided by b.
19
Suppose 54 - 2 = 4*y - 2*h, -15 = -y + h. Calculate the remainder when 75 is divided by y.
9
Suppose -5*d = -15, -7*b + 3*b - d + 15 = 0. Suppose -85 = -5*j - 8*z + b*z, -26 = -2*j - 4*z. Calculate the remainder when j is divided by 12.
9
Suppose 5*r - 4*w = 142, -3*w - 33 = -2*r + 28. Calculate the remainder when 50 is divided by r.
24
Suppose -3*k + f + 185 = -f, -4*k + f = -255. What is the remainder when k is divided by 17?
14
Let g = 5 - 2. Suppose g*a = -2*i + 33, -2*i + 5*a = 6*a - 23. Suppose 5*v + 3*y = 128, -3*v - 2*y = 2*y - 79. Calculate the remainder when v is divided by i.
7
Suppose -3 = -l, -2*q - 2*l + 4*l + 2 = 0. Suppose 0 = -n - i + q, -3*i = -5*n + 2*i. Calculate the remainder when (n/(-1) - 0) + 10 is divided by 3.
2
Let z(m) = m**2 + 6*m. Let h be z(-6). Suppose h = 5*c + i - 429 + 115, 2*i - 8 = 0. Calculate the remainder when c is divided by 21.
20
Calculate the remainder when 1 - (-23 - (0 + (3 - 2))) is divided by 2/(-3)*(-20 - 1).
11
Let y = 48 - -8. Let c be ((-9)/6)/((-3)/8). Suppose -2*q - 38 = -c*q. What is the remainder when y is divided by q?
18
Suppose 25 = 5*a, -2*d + 2*a = 3*a - 35. What is the remainder when d is divided by 8?
7
Let y be 1*-1 - (4 + -25). Suppose -a - i + y = 2*a, -a = -3*i + 10. Suppose n + 0*t = a*t - 21, -3*n - 13 = -5*t. What is the remainder when n is divided by 3?
1
Let k(m) = m**3 - m - 2. Calculate the remainder when 43 is divided by k(3).
21
Let l(j) = j**3 - 7*j**2 + 1. What is the remainder when 3 is divided by l(7)?
0
Let a = -56 + 136. Calculate the remainder when a is divided by 7 + 22 + -2 + 0.
26
Suppose 2*d - 1 = 3*u - 8, 2*u - 3*d - 3 = 0. Let r = u + -3. Suppose 2 = o - r. Calculate the remainder when 3 is divided by o.
1
Let c = -1 + 4. Suppose 4*v + c - 23 = 0. Suppose v*o = -0*o + 35. Calculate the remainder when 13 is divided by o.
6
Let r(h) = h**3 - 11*h**2 + 10*h + 8. What is the remainder when r(10) is divided by (-1)/(1 + 4/(-3))?
2
Suppose -7*h + 56 = -3*h. Let u be (-2)/4*(-3 + 5). Calculate the remainder when u/1*-1*27 is divided by h.
13
Let p(c) = -2*c + 3. Let l be p(-1). Suppose -l*u - 52 = -7*u. Calculate the remainder when 103 is divided by u.
25
Let o(a) = -a**3 + 2*a**2 + 2*a - 2. Let t be o(-2). Let s = 14 - t. Suppose w = -s*w + 275. Calculate the remainder when w is divided by 14.
13
Suppose 5*y - 92 = 3*y. Let p be (0 + 3)*8*-1. Calculate the remainder when y is divided by (6/(-9))/(1/p).
14
Let y = 6 - -27. What is the remainder when 98 is divided by y?
32
Let v(z) = 1 - 5*z**2 - z**2 + 5*z**2 + 2*z. Let x be v(3). What is the remainder when 4 is divided by 64/28 + x/7?
0
Let d be 33/(-6)*-4 - 2. Let h = d - 9. Calculate the remainder when 42 is divided by h.
9
Let b(k) = k**3 + 19*k**2 + 17*k - 5. Let x = 47 + -30. Let n = x + -10. What is the remainder when b(-18) is divided by n?
6
Suppose 5*y - 13 - 14 = -2*n, y = 2*n + 3. Let b be (3 - 1) + (-1)/n. What is the remainder when b + -1 - (-6 - -1) is divided by 2?
1
What is the remainder when 28 - (-3 + -2 + 4) is divided by 4?
1
Suppose 3*m - 25 = 2*s, -m + 5*s = -0*m - 17. What is the remainder when (8 - 0)*15/6 is divided by m?
6
Suppose -30 = 6*h - 11*h. Suppose -3*w + 43 = 13. What is the remainder when w is divided by h?
4
Let l(v) = -v**2 + 5*v - 1. Let w be l(6). Suppose 0 = -2*u - s + 27, -u = 4*u - 5*s - 105. Let c = u + w. Calculate the remainder when 25 is divided by c.
7
What is the remainder when ((-24)/9 + 3)*246 is divided by 14?
12
Let o(l) = l + 9. What is the remainder when o(8) is divided by 9?
8
Let p(k) = 9*k**2 - k - 1. Let x be p(-1). Suppose 3*n + x = -4*o + 50, o + 4 = 0. What is the remainder when n is divided by 7?
5
Let q = -4 + 7. Let t = -4 + q. Let u = 1 - t. Calculate the remainder when u is divided by 1.
0
What is the remainder when 1 + (3 + -43)/(-2) is divided by 12?
9
Suppose -y + 0*k = 4*k + 4, -10 = 5*k. Suppose 111 = y*b + 19. Let c = 26 - 14. Calculate the remainder when b is divided by c.
11
Suppose 3*q = 2*c - 41, -c - 1 = 2*q - 11. What is the remainder when 47 is divided by c?
15
Let z = 12 + 5. Calculate the remainder when 66 is divided by z.
15
Calculate the remainder when 2/(-9) + (-1270)/(-45) is div